et h(q) = 11*q - 342. What is h(30)?
-12
Let q(r) = -125*r - 1221. Give q(-10).
29
Let u(z) = -z**3 + 20*z**2 + 35*z + 148. Determine u(21).
442
Let s(n) = -250*n**3 - n**2 - 2*n - 1. Calculate s(-1).
250
Let k(f) = 192*f**2 + 757*f - 11. Determine k(-4).
33
Let r(q) = 536*q + 42335. Determine r(-79).
-9
Let v(w) = -6*w**2 - 40*w - 75. Determine v(-7).
-89
Let p(f) = f**3 - 41*f**2 - 842*f + 94. What is p(56)?
-18
Let p(l) = -l**3 - 28*l**2 + 73*l - 98. Calculate p(-30).
-488
Let l(p) = p**3 - 12*p**2 + 10*p + 6. Determine l(4).
-82
Let r(v) = -104*v - 2294. Give r(-22).
-6
Let x(v) = -644*v - 12881. Give x(-20).
-1
Let t(b) = -b**3 + 109*b**2 - 2461*b - 96. What is t(32)?
0
Let h(j) = j**2 + 13*j - 562. Give h(-31).
-4
Let x(a) = 109*a - 2573. Give x(24).
43
Let d(f) = f**3 + 7*f**2 - 264*f + 4. What is d(13)?
-48
Let k(y) = 42*y - 3812. Calculate k(91).
10
Let c(s) = -s**3 + 16*s**2 - 53*s + 326. Give c(14).
-24
Let r(d) = -9*d**3 - 300*d**2 + 203*d - 38. What is r(-34)?
-4
Let z(m) = 52*m**3 + 6*m**2 - 39*m - 44. Calculate z(-1).
-51
Let z(s) = -10*s + 53. Calculate z(-12).
173
Let v(u) = u**3 - 25*u**2 + 150*u + 56. Determine v(14).
0
Let x(f) = -f**2 + 1744*f + 22841. Give x(-13).
0
Let f(a) = 11*a**2 - 132*a - 2. Determine f(8).
-354
Let r(q) = -q**3 + 119*q**2 + 122*q - 239. Give r(120).
1
Let u(p) = -1060*p - 1113. Give u(-1).
-53
Let m(y) = -402*y + 2002. What is m(5)?
-8
Let m(g) = 18*g**3 - 91*g**2 + 4*g - 37. Calculate m(5).
-42
Let x(n) = 4*n - 806. Calculate x(-44).
-982
Let o(d) = -d**2 + 32*d - 187. Give o(19).
60
Let b(r) = -5*r**2 + 46*r - 128. What is b(3)?
-35
Let j(d) = d**2 - 280*d + 3415. What is j(13)?
-56
Let a(o) = -o**3 - 18*o**2 - 44*o + 16. Give a(-15).
1
Let q(h) = -2*h**2 + 86*h - 872. Give q(26).
12
Let v(z) = -z**2 + 14*z + 175. Give v(21).
28
Let l(r) = 2*r + 77. Give l(17).
111
Let k(c) = -c**3 - 22*c**2 - 72*c - 1081. What is k(-21)?
-10
Let s(l) = -102*l - 10581. What is s(-102)?
-177
Let n(w) = -w**2 - 52*w - 219. Give n(-48).
-27
Let j(h) = -h**3 + 82*h**2 - 270*h + 2622. What is j(79)?
15
Let x(b) = b**3 + 84*b**2 - 349*b + 170. Calculate x(-88).
-94
Let x(y) = -y**3 + 4*y**2 + 17*y - 73. What is x(4)?
-5
Let a(b) = -56*b - 935. What is a(-17)?
17
Let h(w) = w**3 + 10*w**2 + 25*w + 1. Give h(-6).
-5
Let l(y) = -y**3 + 3*y**2 + 57*y - 132. What is l(8)?
4
Let k(j) = 64*j**3 + 2*j**2 - 4*j + 19. Give k(0).
19
Let x(m) = -57*m - 1108. What is x(-21)?
89
Let p(s) = -894*s - 877. Determine p(-1).
17
Let s(j) = 209*j - 2302. Give s(11).
-3
Let i(n) = -20*n + 135. What is i(14)?
-145
Let o(q) = q**2 + 5*q - 88. What is o(11)?
88
Let h(c) = -c**3 + 44*c**2 + 97*c - 2281. Calculate h(45).
59
Let b(u) = -18*u + 51. Give b(15).
-219
Let o(t) = 8*t**2 - 169*t + 170. Calculate o(1).
9
Let i(l) = 13*l - 445. Determine i(33).
-16
Let p(x) = 2*x**3 + 6*x**2 - 14*x - 48. Determine p(-3).
-6
Let c(f) = f**3 - f**2 - 12*f - 22. Give c(-5).
-112
Let h(b) = -b**3 + 112*b**2 - 1534*b - 193. Give h(96).
-1
Let t(g) = 3*g**3 - 27*g**2 - 7*g + 16. Give t(9).
-47
Let b(w) = -w**2 - 62*w + 243. Give b(4).
-21
Let v(k) = -36*k**2 - 179*k - 8. Calculate v(-5).
-13
Let o(n) = -3*n**2 + 16*n + 141. What is o(10)?
1
Let n(p) = 13*p + 1. Give n(0).
1
Let m(w) = -2*w**2 - 1398*w - 8378. Give m(-6).
-62
Let q(i) = 12*i**2 + 23*i - 22. Calculate q(1).
13
Let n(s) = 79*s - 942. What is n(12)?
6
Let i(g) = g**2 - 2*g + 2. Calculate i(0).
2
Let d(h) = -231*h**2 + 2772*h - 11. Determine d(12).
-11
Let p(c) = -c**2 - 24*c - 131. What is p(-9)?
4
Let r(m) = -15*m - 255. Determine r(-23).
90
Let o(s) = 2*s**2 + 17*s + 18. Determine o(-9).
27
Let d(s) = 61*s**2 + 4451*s - 130. What is d(-73)?
16
Let j(y) = 2*y**3 + 18*y**2 - 39*y + 87. Determine j(-11).
32
Let u(w) = 44*w - 744. Give u(18).
48
Let z(w) = -41*w - 3. Determine z(0).
-3
Let r(z) = 6*z + 16. Give r(-9).
-38
Let y(o) = -o**3 + 8*o**2 + 21*o - 25. Determine y(12).
-349
Let a(b) = -674*b - 10125. Determine a(-15).
-15
Let a(o) = o**3 + 15*o**2 + 100*o + 275. What is a(-6)?
-1
Let t(d) = -d**3 + 2*d**2 - 14*d + 40. Calculate t(-6).
412
Let y(t) = 536*t**2 + 804*t - 2. Determine y(-1).
-270
Let z(n) = 36*n + 65. Determine z(-4).
-79
Let n(i) = -474*i - 5693. Determine n(-12).
-5
Let m(g) = g**3 - 13*g**2 - 26*g - 22. Give m(15).
38
Let w(v) = -2*v**3 + 38*v**2 - 65*v - 93. Calculate w(3).
0
Let x(c) = -272*c - 10612. Determine x(-39).
-4
Let u(v) = -139*v + 2025. Give u(15).
-60
Let y(t) = -t**3 + 5*t**2 + 61*t - 136. Calculate y(-7).
25
Let r(x) = 2*x**3 + 19*x**2 + 4*x - 29. Give r(-9).
16
Let s(m) = -96*m + 483. Calculate s(5).
3
Let o(b) = 5*b**2 + 10*b - 171. Calculate o(5).
4
Let b(q) = -q**2 + 2*q + 263. What is b(18)?
-25
Let h(n) = -n**2 - 100*n + 756. Determine h(-107).
7
Let h(d) = -d**3 + 50*d**2 + 47*d - 2361. Calculate h(50).
-11
Let b(d) = 12*d**2 + 7*d - 152. Determine b(-7).
387
Let i(a) = -a**2 - 18*a + 6. Give i(-17).
23
Let a(m) = -3*m - 440. Determine a(11).
-473
Let y(r) = 46*r**2 - 133*r - 132. Determine y(-1).
47
Let z(o) = 2*o**2 + 55*o + 252. Determine z(-31).
469
Let m(u) = -24*u**2 - 704*u - 246. What is m(-29)?
-14
Let w(x) = 22*x - 26. What is w(-3)?
-92
Let a(s) = 60*s + 2822. Calculate a(-43).
242
Let s(h) = h - 145. Give s(5).
-140
Let i(w) = w**3 - 17*w**2 - 24*w + 986. What is i(13)?
-2
Let z(t) = 87*t - 614. Calculate z(7).
-5
Let i(a) = a**3 - 10*a**2 + a + 22. Give i(9).
-50
Let y(z) = -z**2 - 92*z - 98. What is y(-91)?
-7
Let u(n) = 89*n + 75. What is u(4)?
431
Let c(d) = 257*d - 2964. Give c(12).
120
Let d(h) = 4*h**2 - 2*h - 55. Give d(0).
-55
Let w(u) = u**3 + u**2 + 30. What is w(-3)?
12
Let z(t) = -16*t - 818. What is z(-49)?
-34
Let j(z) = -z**3 - 11*z**2 - 22*z - 7. What is j(-14)?
889
Let m(a) = -7*a**3 + 91*a**2 - 15*a + 62. What is m(13)?
-133
Let p(h) = 20*h**2 - 6142*h + 614. Determine p(307).
0
Let d(i) = 22*i + 46. Calculate d(-20).
-394
Let y(b) = -6*b + 321. Give y(32).
129
Let b(j) = -j**3 + 9*j**2 - 2*j - 7. Determine b(5).
83
Let t(f) = 4*f**2 - 24*f - 2. What is t(6)?
-2
Let a(z) = 123*z**2 - 11*z - 7. What is a(-1)?
127
Let o(j) = 4*j**2 - 30*j + 135. Calculate o(6).
99
Let t(c) = -c**3 - 7*c**2 - 10*c + 9. What is t(-3)?
3
Let r(s) = -58*s + 139. Determine r(-8).
603
Let t(y) = -2*y**3 - y**2 - 3. What is t(2)?
-23
Let u(q) = -10*q**3 + 3*q**2 + 8*q - 1. Determine u(2).
-53
Let a(h) = -18*h - 213. Give a(-15).
57
Let w(c) = 56*c + 2059. Calculate w(-37).
-13
Let f(h) = -h**2 - 32*h + 1175. What is f(-54)?
-13
Let w(x) = -128*x + 1251. Determine w(10).
-29
Let t(g) = 56*g - 1377. Determine t(32).
415
Let g(u) = 5*u**2 + 1905*u - 15553. Give g(-389).
7
Let i(q) = -8*q - 107. Give i(-13).
-3
Let o(w) = 11*w - 98. What is o(16)?
78
Let d(g) = 6*g**2 - 15*g + 45. Give d(7).
234
Let s(w) = 227*w + 6576. Calculate s(-29).
-7
Let b(p) = -p**2 + 79*p - 51. Determine b(78).
27
Let w(i) = -3*i**3 - 114*i**2 + 104*i - 536. Determine w(-39).
-29
Let o(c) = c**3 + 36*c**2 - 120*c - 41. Determine o(-39).
76
Let g(f) = -2*f**2 - 48*f - 223. Determine g(-12).
65
Let n(v) = 4*v**2 + 771*v - 3381. Calculate n(-197).
-32
Let o(c) = 4*c**2 + 18*c - 90. Give o(3).
0
Let j(g) = 5*g**2 - 225*g - 50. Determine j(46).
180
Let y(z) = -15*z**2 + 616*z - 61. Determine y(41).
-20
Let u(w) = 386*w + 1125. Calculate u(-3).
-33
Let i(h) = 70*h + 126. What is i(-2)?
-14
Let r(o) = 379*o - 1917. Calculate r(5).
-22
Let g(w) = 179*w - 956. Give g(4).
-240
Let d(k) = 5*k**2 + 56*k + 15. Determine d(-11).
4
Let m(r) = 13*r - 555. Determine m(47).
56
Let k(a) = a**3 + 38*a**2 + 73*a + 27. What is k(-36)?
-9
Let a(r) = -30*r + 3267. Calculate a(108).
27
Let o(t) = -303*t + 5819. Give o(19).
62
Let q(z) = -25*z + 487. Calculate q(41).
-538
Let y(q) = -3*q**3 - 5*q**2 + 187*q + 572. Give y(-3).
47
Let z(b) = -73*b + 663. Calculate z(7).
152
Let f(j) = 5*j**2 + 55*j + 46. Give f(-12).
106
Let v(o) = -378*o + 391. Calculate v(1).
13
Let c(q) = -5*q**2 - 786*q + 638. Calculate c(-158).
6
Let y(d) = -2*d**3 + 28*d**2 - 28*d + 61. Give y(13).
35
Let p(r) = 42*r**2 + 13*r + 12. Calculate p(-1).
41
Let q(p) = 2*p**3 + 26*p**2 + 10*p - 182. Calculate q(-13).
-312
Let x(i) = -2*i**2 + 94*i - 1035. Give x(30).
-15
Let m(f) = -10*f**3 - 116*f**2 - 68*f + 1. Determine m(-11).
2